is -7 + -78?
-82
In base 11, what is -2 - 2a?
-31
In base 4, what is 1202311 - 2?
1202303
In base 8, what is -12 + 103?
71
In base 6, what is -202 + 10?
-152
In base 10, what is -32 + 5?
-27
In base 6, what is 52221 + -3?
52214
In base 4, what is -2 + 310103?
310101
In base 2, what is 100111010001 + -1?
100111010000
In base 7, what is -1450 + 2?
-1445
In base 3, what is 2221 - -22101?
102022
In base 15, what is -2 - 85?
-87
In base 6, what is 40 - -2?
42
In base 9, what is -6 - 406?
-413
In base 16, what is -1 - -1a?
19
In base 5, what is 22002 + -2?
22000
In base 8, what is 3 - -564?
567
In base 12, what is -540 - -3?
-539
In base 7, what is 3 - -212?
215
In base 11, what is -3 - -19?
16
In base 15, what is -4 + -523?
-527
In base 9, what is 4 - 121?
-116
In base 8, what is -5 - -12677?
12672
In base 8, what is 20 + 12?
32
In base 15, what is 102 - 0?
102
In base 12, what is -24 - -1?
-23
In base 11, what is 35 + -6?
2a
In base 6, what is -3351 - -4?
-3343
In base 3, what is -11011 - 11?
-11022
In base 9, what is 2 - -1503?
1505
In base 9, what is 61 + 10?
71
In base 14, what is 48 + -4?
44
In base 2, what is 10110001 + 0?
10110001
In base 9, what is 23 - 1313?
-1280
In base 2, what is 100 - 101111?
-101011
In base 14, what is 66 - a?
5a
In base 7, what is 1004 - 5?
666
In base 3, what is -2 + 200111?
200102
In base 10, what is -1 + 804?
803
In base 16, what is -95 - -51?
-44
In base 7, what is 20 + 130?
150
In base 2, what is 11001000 + -101?
11000011
In base 6, what is -2344 - 10?
-2354
In base 10, what is 1689 - -5?
1694
In base 7, what is 603 + -5?
565
In base 7, what is -2464 - 5?
-2502
In base 11, what is 3149 - 1?
3148
In base 14, what is 2 + 118?
11a
In base 2, what is 10 - -100110110?
100111000
In base 7, what is -2 + -2?
-4
In base 11, what is -150 + -4?
-154
In base 6, what is 11 - -11?
22
In base 12, what is -4 + -12a?
-132
In base 16, what is -5 + -121?
-126
In base 12, what is -22 + -235?
-257
In base 9, what is 20 + 32?
52
In base 11, what is -479 + 2?
-477
In base 13, what is 0 - -aca?
aca
In base 2, what is -10111001 - -1000010?
-1110111
In base 2, what is -10011101 + -1?
-10011110
In base 3, what is 1211 + -2?
1202
In base 16, what is b3 - -2?
b5
In base 13, what is -7 - -5?
-2
In base 15, what is -29 + 20?
-9
In base 8, what is 652 + 27?
701
In base 11, what is 573 - -8?
580
In base 16, what is 5 + 8?
d
In base 11, what is -1 + 12?
11
In base 10, what is -6 + 1743?
1737
In base 5, what is 0 - -1242?
1242
In base 10, what is 0 - 16?
-16
In base 4, what is 2 + -21?
-13
In base 9, what is 5 + -10837?
-10832
In base 7, what is -4 + -114?
-121
In base 9, what is -2 + 113?
111
In base 10, what is -126 - 135?
-261
In base 8, what is 771 + -3?
766
In base 3, what is 221110 + -12?
221021
In base 8, what is 1 + -423?
-422
In base 9, what is -1 + -305?
-306
In base 2, what is 11 + 101100000011?
101100000110
In base 11, what is 587 + 3?
58a
In base 15, what is e - 360?
-351
In base 14, what is -1a + -15?
-31
In base 6, what is 3500 - 4?
3452
In base 10, what is 0 - 732?
-732
In base 4, what is 10 + -1213?
-1203
In base 9, what is -2 + -168?
-171
In base 6, what is 100 - 33?
23
In base 13, what is 0 - -53?
53
In base 14, what is 212 - -6?
218
In base 16, what is 2 + -27b?
-279
In base 5, what is -10 + 1104?
1044
In base 4, what is 211 - 13121?
-12310
In base 15, what is 15a - 1b?
13e
In base 3, what is 201020012 - 2?
201020010
In base 14, what is c + 43?
51
In base 10, what is -7 - -14?
7
In base 10, what is 72 + -31?
41
In base 7, what is -315 + 6?
-306
In base 15, what is -9 - 7?
-11
In base 14, what is -1b - -14?
-7
In base 12, what is b48 + -3?
b45
In base 4, what is 110 - 22203?
-22033
In base 15, what is 3 - 3b?
-38
In base 3, what is 220001 - 0?
220001
In base 16, what is a - -26?
30
In base 5, what is 0 + -2211?
-2211
In base 8, what is 30 - -5?
35
In base 15, what is -2 + 64?
62
In base 14, what is 2 - -22a?
22c
In base 6, what is -400 - -132?
-224
In base 4, what is -222 + 11?
-211
In base 4, what is 10 + -1231?
-1221
In base 11, what is -3 + 11a?
117
In base 6, what is -3241 + -1?
-3242
In base 5, what is 2 - -40421?
40423
In base 12, what is 52 + -9?
45
In base 12, what is 161 + -4?
159
In base 6, what is -5 + 4135?
4130
In base 14, what is 1 - 63?
-62
In base 10, what is -90 + 8?
-82
In base 3, what is 210 + -2?
201
In base 13, what is 47 + 1?
48
In base 4, what is 12 + 11030?
11102
In base 2, what is 101000011 - 1000?
100111011
In base 15, what is ad - 4?
a9
In base 6, what is -4 + -51?
-55
In base 8, what is -4 + 662?
656
In base 4, what is -332 + 1323?
331
In base 4, what is 1 + 20?
21
In base 8, what is -5 - 2047?
-2054
In base 13, what is -5 + 45?
40
In base 12, what is -20 - -74?
54
In base 8, what is 0 + 54?
54
In base 14, what is -909 - -3?
-906
In base 10, what is -86 + -4?
-90
In base 3, what is -1 + -1121002?
-1121010
In base 2, what is 101001001110 + 100?
101001010010
In base 5, what is 2 - 230?
-223
In base 7, what is 0 - -22?
22
In base 8, what is -37676 + 3?
-37673
In base 12, what is 91 - -5?
96
In base 15, what is 0 + 2ab?
2ab
In base 16, what is 3b + -1b?
20
In base 9, what is -35 - -17?
-17
In base 2, what is -110110100 - -101?
-110101111
In base 9, what is 1 + 414?
415
In base 10, what is -138 - -117?
-21
In base 2, what is 10110 - -1?
10111
In base 3, what is 211 - 222?
-11
In base 11, what is -1 - -453?
452
In base 3, what is 112 - 210?
-21
In base 3, what is 11212110 - -112?
11212222
In base 8, what is -3 + -3165?
-3170
In base 10, what is -3456 + 0?
-3456
In base 14, what is 3 + 4?
7
In base 5, what is -22320 - -3?
-22312
In base 10, what is 2 - -32?
34
In base 9, what is 47 + -8?
38
In base 5, what is -1240 + 14?
-1221
In base 8, what is -6426 - 1?
-6427
In base 2, what is -100100 + -100000000?
-100100100
In base 2, what is 10001 - -1001?
11010
In base 16, what is 2e8 - 1?
2e7
In base 11, what is -8 + 0?
-8
In base 14, what is 2a + -4?
26
In base 7, what is 655 - 2?
653
In base 8, what is -1 - 212?
-213
In base 4, what is -3 - 32202?
-32211
In base 16, what is -204 - 10?
-214
In base 5, what is -2 - 31?
-33
In base 10, what is 1 + 46?
47
In base 11, what is 42 - 6?
37
In base 9, what is -2 + 1868?
1866
In base 11, what is -1 - 16a2?
-16a3
In base 4, what is 10 - -1122203?
1122213
In base 9, what is 53 + 182?
245
In base 6, what is -1 - -1243?
1242
In base 3, what is 1 + -1?
0
In base 13, what is 2 + -8b?
-89
In base 13, what is -48 - c?
-57
In base 7, what is 3530 + 5?
3535
In base 10, what is -12 - -23?
11
In base 8, what is 3 - -13?
16
In base 5, what is -2112 + 2?
-2110
In base 9, what is 246 - -5?
252
In base 5, what is -1 - -230?
224
In base 14, what is a - 10?
-4
In base 13, what is -cb56 - 0?
-cb56
In base 4, what is -320 + -2?
-322
In base 2, what is -1100100111 + -100?
-1100101011
In base 5, what is 101434 + -10?
101424
In base 3, what is -12 - 1001202?
-1001221
In base 2, what is -10101 - -101?
-10000
In base 14, what is 0 - 588?
-588
In base 10, what is -7 + -1?
-8
In base 16, what is -9 - 9?
-12
In base 6, what is -1242 - -5?
-1233
In base 8, what is 5 + 7?
14
In base 7, what is -3 + -145?
-151
In base 8, what is 1 + 1456?
1457
In base 8, what is 2 + -1425?
-1423
In base 12, what is 661 + 13?
674
In base 13, what is -3 + -522?
-525
In base 16, what is -270 + -6?
-276
In base 12, what is -a2 + 3?
-9b
In base 12, what is 5 - -16?
1b
In base 3, what is 1010 - 200?
110
In base 12, what is -77 + -7?
-82
In base 14, what is 1 + b?
c
In base 2, what is -111001110 - 11?
-111010001
In base 10, what is -49 + 18?
-31
In base 4, what is 12 - 1031?
-1013
In base 4, what is 11 + -33?
-22
In base 16, what is 5 + 8c?
91
In base 7, what is -103056 - 1?
-103060
In base 8, what is -13 + 76?
63
In base 2, what is -100 + -10010111?
-10011011
In base 14, what is 4c + -3?
49
In base 3, what is -100 + 1121?
1021
In base 9, what is 62 - 2?
60
In base 2, what is -1 + -10100010110?
-10100010111
In base 2, what is 1001100 - 100000010?
-10110110
In base 10, what is -28 - -9?
-19
In base 12, what is 82 + 4b?
111
In base 13, what is -1a + 396?
379
In base 13, what is 12 - -7?
19
In base 13, what is -103a + 5?
-1035
In base 16, what is 2 - 3f?
-3d
In base 4, what is 3 - -100?
103
In base 13, what is -517b + -1?
-5